 m*k**2 + 0*k. Give u(3).
-3
Let c(y) = 2 + 0 + 5. Let l(k) = -5*k - 18. Let z be l(-7). Let s(u) = -u - 20. Let b(t) = z*c(t) + 6*s(t). Determine b(1).
-7
Let s(k) = -k**2 + 7*k + 10. Let b(o) = o**2 + 7*o - 3. Let y be b(-8). Suppose -2 = -y*p + 38. Let d be s(p). Let j(x) = -x**2 - 2*x + 2. Calculate j(d).
-6
Let s(l) = 6*l + 5. Let u(c) = 18*c + 14. Let t(k) = 17*s(k) - 6*u(k). Let i(g) = -g**3 - 11*g**2 + 1. Let n be i(-11). What is t(n)?
-5
Let p(v) = -v**3 - 5*v**2 + v - 1. Let i = -7 - -9. Suppose 0 = i*k - 0*k - 50. Suppose 9*j + k = 4*j. Calculate p(j).
-6
Let k(w) be the third derivative of -w**7/5040 + w**6/72 - w**5/60 + 2*w**2. Let q(r) be the third derivative of k(r). Give q(0).
10
Suppose 4*x + 21 + 15 = 0. Let r = 8 + x. Let v(m) be the first derivative of 5*m**4/4 - m**3/3 - m**2/2 + 1. Calculate v(r).
-5
Let u(d) be the first derivative of -d**4/4 - 7*d**3/3 - d**2 + 2*d + 39. Give u(-7).
16
Let c(i) = i**3 + 4*i**2 - 5*i - 6. Let a be -3 - (9/(-6) - -2)*2. Give c(a).
14
Suppose 5*g + 2*d + 3 = -33, 9 = -4*g + 5*d. Let w(s) = s**2 + 6*s + 2. What is w(g)?
2
Let w(m) be the second derivative of -m**4/12 + m**3/6 - 5*m**2/2 - 2*m - 2. Give w(0).
-5
Suppose 3*p + 0*p + 13 = -5*m, -2*p - 7 = 3*m. Let x(n) = -5*n**2 - 10*n - 5. Let o(g) = 3*g**2 + 5*g + 3. Let j(a) = 7*o(a) + 4*x(a). What is j(p)?
-3
Let w(z) = 7 - 3 - 2*z - 3. Determine w(1).
-1
Let x = 11 + -4. Let r(n) = x*n - 9*n**2 + 15*n**2 - 7*n**2 - 3. What is r(5)?
7
Let c(n) be the third derivative of n**5/6 - n**4/24 + n**3/6 + 38*n**2. Determine c(1).
10
Let g(n) be the first derivative of n**3/3 - 5*n**2 + 9*n - 31. Calculate g(9).
0
Let h(y) = -6*y. Suppose -3*v = j - 8*v + 14, 4*j - 4 = 5*v. Let q = j - 3. Let o = q + -2. What is h(o)?
-6
Let m(x) = -x**2 + 20*x**3 - x**2 + x**2 - 19*x**3 - 3. Give m(0).
-3
Let r(i) = -3*i - 9. Let t(c) = -2*c - 4. Let j(x) = 3*r(x) - 5*t(x). What is j(6)?
-1
Suppose 3*c = -t - 6, t - c - 3 = 3. Let m(v) = -v**3 - t + 1 + v + 0*v - v**2. Suppose -6*f = -4*f - 4*o, 5*o = 3*f + 1. Calculate m(f).
0
Suppose r + 7 = -3*j, 3*r + 2 = -2*j + 5*r. Let g(f) = -f**3 - f**2 - f + 1. What is g(j)?
7
Let f(j) = -3*j + 4*j**2 - j + j**3 + 2 + 2. Let d(u) = -3*u + 1. Let g be d(1). Let o be (-32)/6 - g/6. Give f(o).
-1
Let d(x) = -4. Let h(p) = -p - 8. Let o(i) = -7*d(i) + 3*h(i). Calculate o(6).
-14
Suppose 5*y + 15 = f, 2*f + 0*y - y - 30 = 0. Let p be (6/5)/(6/f). Let t(z) = -3*z**2 - 4*z**2 + p*z**2 - 7 + z**3 - 3*z. What is t(5)?
3
Let s(c) = -c + 9. Let q be s(-5). Suppose -2*z = 2*l - q, -2*l - 5 = -4*l + z. Let r(t) = -6*t + 1. Let w(h) = h. Let x(i) = -6*r(i) - 33*w(i). What is x(l)?
6
Suppose 24 = -14*u + 10*u. Let r(s) = 2*s. Determine r(u).
-12
Let m be (-4)/(-6) - 17/3. Let q(t) = t - 2. Let v be q(4). Let z(o) = -3*o - 5 + 0*o**2 - 2*o + 0*o - o**v. Determine z(m).
-5
Suppose b - 15 = -2*b. Suppose f = 3 - 1. Let a(m) = -9*m**2 + 14*m**2 - 4 + 7*m - 6*m**f. Determine a(b).
6
Let r(b) be the first derivative of 1/3*b**3 + b**2 - 3*b + 6. Calculate r(2).
5
Let j(k) = -k + 1. Let l(v) = -5*v + 3. Let w(q) = 2*j(q) - l(q). Give w(-4).
-13
Let i(s) = -s. Let x be i(-5). Let n(q) be the third derivative of q**6/120 - q**5/12 - q**4/12 + 7*q**3/6 + q**2. Give n(x).
-3
Let m(f) = -f**2 - 6*f + 8. Let q(g) = -3*g**2 - 7*g + 12. Let y be q(-4). Determine m(y).
-8
Let f(o) be the second derivative of -o**5/20 - o**4/3 - o**3/3 - 2*o**2 - 2*o. Let m(r) = -2*r**3 - r**2 - r + 1. Let u be m(1). Calculate f(u).
-7
Let i(x) = -x**3 + 6*x**2 - 3*x - 4. Let n(r) = r**2 - 5*r + 2. Let o be n(5). Let a(c) = c**3 - c**2 + c. Let z(b) = o*a(b) + i(b). Give z(-4).
0
Let l(x) = -3*x + 8. Let s(f) = 4*f - 8. Let k(r) = -5*l(r) - 4*s(r). Give k(-6).
-2
Let i(l) = -l**2. Suppose 4*p + 6 = 2. Give i(p).
-1
Suppose 59 - 62 = -c. Let t(o) = -4*o. Calculate t(c).
-12
Let w(x) = 2*x**3 + 6*x - 2. Let a(c) = 3*c**3 - c**2 + 7*c - 2. Let v(z) = -3*a(z) + 4*w(z). Let l be (-1 + 8/2)/1. What is v(l)?
7
Let l(d) be the third derivative of -d**4/12 + d**3 + 26*d**2. Let r = -1 - -7. Determine l(r).
-6
Let s be (-2)/7 - 111/(-21). Suppose -3*n - 5 = -2*a, -n + 6*a = 4*a - s. Let o(i) = 2*i + 7. Calculate o(n).
-3
Let n(d) be the second derivative of 0 - 1/6*d**3 - 1/10*d**5 - 1/6*d**4 - 1/2*d**2 + d. Suppose -5 + 3 = k. What is n(k)?
9
Let h(l) = l**2 + 3*l - 3. Let k be h(-5). Let w(p) = -2*p + 7. Give w(k).
-7
Let r(l) = -5*l. Suppose -2*i = t - 3, -2*t = t - 2*i + 7. Give r(t).
5
Let u(m) be the first derivative of 3*m**2/2 - 2*m + 2. Let v(w) = -2*w - 6. Let c be v(-8). Suppose 3*p = -1 + c. Determine u(p).
7
Let h(f) = 5*f**3 - f**2 + 2*f - 1. Suppose 4*d = -3*i + 34, 2*i - d - 21 = -2*d. Suppose -2*w + 3*q = i, 2*w + 0*w = -3*q + 14. What is h(w)?
5
Let j(t) = -t**2 - 3. Let w(y) = y - 7. Let f be w(7). What is j(f)?
-3
Let y(m) = m**3 + 2*m**2 + 1. Let x be ((-1)/3)/((-2)/12). Suppose 5 = x*j + h + 15, 0 = -5*h - 20. What is y(j)?
-8
Let m(r) = -r**2 + 4*r + 4. Suppose 11 - 67 = -7*d. Let l = d + -2. What is m(l)?
-8
Let c(t) = 2*t + 5. Suppose 2*b = -2 - 6. Determine c(b).
-3
Let w be ((3 - 3) + 6)/1. Let p = 0 - w. Let a(q) = -q - 7. Give a(p).
-1
Let s(x) = -23*x + 11 + 47*x - 23*x. Determine s(-9).
2
Let x(r) be the third derivative of -4*r**2 + 0*r + 1/2*r**3 + 0 - 1/24*r**4. Determine x(-5).
8
Let m(q) = -3*q**2 + 4*q - 1. Let o(i) = -7*i**2 + 9*i - 3. Let v(w) = -5*m(w) + 2*o(w). Give v(3).
2
Let k(l) = 4*l - 2. Let v = 24 - 22. Give k(v).
6
Suppose -3*l + 6*l + 5*m - 16 = 0, 31 = 4*l - 3*m. Let t(r) = r**3 - 7*r**2 - r + 3. Determine t(l).
-4
Let b be ((-1)/(-9)*39)/(2/(-6)). Let k(n) = n**2 + 14*n + 19. What is k(b)?
6
Let x(s) = -5 + 0 - 4*s + 0 - 3. What is x(-6)?
16
Suppose -4*t = a + 6, -t = 4*a + a + 11. Let r(v) = v**3 - 5*v**2 + 6*v - 6. Let i be r(4). Let w(d) = 4*d**2 - i*d**2 - 3*d**2. Give w(t).
-1
Let r = -5 + 3. Suppose 3*s = -2*s. Let j = s - r. Let b(a) = -a**3 + 3*a**2 - 2*a. Determine b(j).
0
Let j be (-25)/10*(-4)/5. Let t(v) be the first derivative of -j*v**2 + 0*v + 3 - 5*v + v. Give t(-3).
8
Let y(c) = 5*c**2 + 4*c. Let t(p) be the third derivative of 0 + 1/6*p**3 + 5/24*p**4 + 1/10*p**5 + 0*p - p**2. Let v(s) = 4*t(s) - 5*y(s). Determine v(-3).
-5
Let c(n) = 0*n**2 + 2*n - n**3 + 6*n**2 - 4*n**2 + 0*n**3. Give c(2).
4
Let g(f) = f**2 - 3*f - 5. Let v be g(4). Let m = v + 1. Let u(s) = s**2 + 9. What is u(m)?
9
Let z(u) be the second derivative of -5*u**3/6 - u**2/2 + 8*u. What is z(-1)?
4
Let n(g) be the second derivative of -5*g**4/12 + g. Let b be -2*(3 - 1) - -5. Let m be n(b). Let w(f) = f**3 + 5*f**2 - 4. Determine w(m).
-4
Let s(n) be the first derivative of -7*n**4/2 + n - 5. Determine s(-1).
15
Suppose 0 = 4*d - 5*m + 11, 3*d = 7*d + 4*m + 20. Let r(p) = 4*p - p - 4 - 2*p. Let o(y) = 2*y - 4. Let n(c) = -4*o(c) + 5*r(c). Calculate n(d).
8
Let p be 30/50 - (-18)/(-5). Let b(s) = s - 9. Let t(j) = -j + 5. Let l(m) = -3*b(m) - 5*t(m). Determine l(p).
-4
Let p(j) = j + 22. Let l be p(-17). Let s(a) = a**2 - 5*a - 4. What is s(l)?
-4
Suppose 5*k + 0 - 10 = 0. Suppose 2*r = 5*l - 13, k*l - 2 = 4. Let p(w) = -3*w**2 - 5*w**2 + 0 + 1 - w**2. Determine p(r).
-8
Let x(q) = -8*q**3 + 3*q**2 + 6*q - 2. Let t(w) = 7*w**3 - 4*w**2 - 8*w + 3. Let m(c) = 3*t(c) + 4*x(c). Determine m(-1).
12
Suppose -5*l + l = 4. Let q(b) = b**2 + b - 1. Let n(o) = -o**2 + 3*o - 4. Let y(t) = n(t) - 4*q(t). What is y(l)?
-4
Let z(s) = s**3 - 5*s**2 + 5*s - 4. Suppose 2*a - 4*a - 4*c + 28 = 0, c - 13 = -2*a. What is z(a)?
0
Let m(o) = 2*o - 1. Suppose -10 = -4*c - c. Calculate m(c).
3
Let a(h) = 5*h**2 + 3*h - 3. Let c(f) = -4*f**2 - 3*f + 2. Let u(v) = 3*a(v) + 4*c(v). Let n = 2 + -12. Let y = n + 6. What is u(y)?
-5
Let a(v) = 9*v**3 - 2*v**2 + 2*v - 1. Let q(f) = f**2 + 2*f - 4. Let j be q(-4). Suppose -j*i + 2 = -2. Determine a(i).
8
Let s(g) be the second derivative of 1/20*g**5 - 1/6*g**3 - 1/3*g**4 + 2*g + 0 + g**2. Give s(4).
-2
Let f(m) = -m**2 + 5*m - 6. Let r = 1 + -3. Let k = -4 - r. Let x be (-38)/(-8) - k/8. Give f(x).
-6
Let d(l) be the first derivative of -l**3/3 + l**2/2 + 5*l - 4. Let m = -17 - -17. Determine d(m).
5
Let h(y) = 76 - 158 + 84 + 4*y. Calculate h(-4).
-14
Let y(d) = d + 1. Let r be y(3). Let w(j) = 5*j. Calculate w(r).
20
L